+ (-1 - u/(-1)). Let c(b) = 11*b + 1. Give c(k).
-10
Let r(t) = t**2 + 8*t + 20. Let d be r(-5). Suppose -2*k = -d + 1. Let a be 1 + k - (-17 - -16). Let x(l) = 3*l + 5. What is x(a)?
17
Let m = 238 + -126. Let l(n) = -230 + 122 + n - 4*n**2 + m + n**3. Calculate l(3).
-2
Let t(l) = -l**2 + 8*l - 15. Let q(u) = u**2 + 6*u - 1. Let y be (-2)/10 - 374/55. Let n be q(y). What is t(n)?
-3
Let j(c) be the first derivative of -c**5/60 + 3*c**4/4 + 19*c**3/6 + 3*c**2 + 8*c + 167. Let n(l) be the second derivative of j(l). Calculate n(18).
19
Let v(r) = 82*r - 2. Let w be (-6)/4 - 225/(-90). Determine v(w).
80
Let d(k) = 332 - 9733*k - 1212 + 9821*k. Determine d(10).
0
Let v(r) be the third derivative of -25*r**4/24 + 19*r**3 - 887*r**2. Calculate v(5).
-11
Let u be (14/56)/(2/3756)*2. Let s(z) = 4 - z + 938*z**3 - 7*z**2 - 1878*z**3 + u*z**3. Let i be -2*3/(-4)*-4. What is s(i)?
-26
Let v(m) = -656*m**2 + 1980*m**2 - 659*m**2 - 16*m - 3*m - 664*m**2 - 9. Determine v(18).
-27
Let a(l) = -5*l**2 + 8*l + 17. Let q(o) be the second derivative of -o**4/4 + 2*o**3/3 + 9*o**2/2 + 5*o. Let w(v) = 4*a(v) - 7*q(v). Determine w(-4).
5
Let g(c) = -44*c + 693. Let o(b) = 12*b - 173. Let v(m) = -4*g(m) - 17*o(m). Determine v(6).
1
Let y(f) = -48*f**3 - 2*f**2 + 1. Suppose -26*c - 26*c = -36 - 16. Give y(c).
-49
Let h(a) = a**3 + 8*a**2 + 8*a + 15. Let w = 615 - 613. Suppose 5*u = -w*z - 19 - 15, -47 = 5*z + 3*u. What is h(z)?
8
Let i(t) = 17*t**3 - 5*t**2 + 7. Let c(o) = 93*o**3 - 25*o**2 + 35. Let u(v) = 2*c(v) - 11*i(v). Give u(3).
11
Let f(p) = p**2 - 20*p + 15. Suppose 465 = -1458*a + 1489*a. What is f(a)?
-60
Let m(y) be the first derivative of 13*y**2/2 - 2*y - 1. Let u = 29 + 6. Let f be ((-2)/5)/(u/(-175)). Give m(f).
24
Let a(m) be the first derivative of 5*m**2/2 - 127*m - 37. Let s be a(26). Let v(w) = w + 1. Let o(x) = -x**2 - 5*x + 2. Let p(n) = o(n) + v(n). Determine p(s).
-18
Let j(u) be the third derivative of 0 + 0*u**3 + 1/120*u**5 - 1/720*u**6 + 0*u + 23*u**2 - 5/6*u**4. Let t(n) be the second derivative of j(n). What is t(1)?
0
Let i(r) be the third derivative of 2 + 11/6*r**3 + 0*r + 1/24*r**4 + 17*r**2. Give i(-5).
6
Let y(p) be the third derivative of p**5/60 - p**4/2 + 2*p**3 + p**2. Suppose 507*l + 749*l = 13816. Calculate y(l).
1
Let i(p) be the first derivative of -2*p - 1/2*p**2 - 39. Suppose 3 = -c - 2. Determine i(c).
3
Suppose -52*x + 12*x - 1584 = 26*x. Let m(j) = -j**2 - 24*j - 25. Determine m(x).
-25
Let r(d) be the third derivative of d**4/2 + 5*d**3/3 + 3*d**2 - 323*d + 2. Determine r(-5).
-50
Let g(k) = -k**2 + 3*k - 2. Suppose 60 = t - 0. Let o = -55 + t. Let m be 12/30*o*(-3)/(-2). Calculate g(m).
-2
Let c = 9 + -16. Let j(z) = -6*z - 3164. Let m(u) = -u - 575. Let l(t) = 4*j(t) - 22*m(t). What is l(c)?
8
Suppose -2*o + 0*o + 3*x = -19, 5*o + 5*x = -15. Suppose 719 = 27*m - 928. Let w(z) = -65*z - 1 + 127*z - z**2 - m*z. Calculate w(o).
-3
Let l(x) = x**3 - 2*x**2 + 3*x + 12. Let i(p) = -7*p**3 + 8*p**2 - 18*p - 73. Let g(w) = 2*i(w) + 13*l(w). What is g(-9)?
-98
Suppose -9 - 25 = -k. Let z(p) = 13*p**2 - 32*p + p**3 + k*p + 3 - 1 - 8*p**2. Suppose -2*m - 33 = 5*r, m - 2*r + 24 = -6*r. Determine z(m).
10
Let c = -514 + 569. Suppose -c*m + 5 = -56*m. Let g(f) = 7 + 8*f + f**3 - 6*f**2 + 13*f**2 + 0*f**3. What is g(m)?
17
Suppose 3*j - 22 = -3*h - 19, 5*h + 4*j - 8 = 0. Let f(n) = 5*n - 15. Give f(h).
5
Let m(p) = 4*p - 13. Let t = -3919 - -3913. Give m(t).
-37
Let t(z) be the second derivative of -z**3/6 + 9*z**2/2 + 19*z + 143. Give t(7).
2
Let b(m) = -391194*m + 4*m**2 + 782391*m - 17 - 391194*m. Calculate b(-5).
68
Let s be 28 - 1152/40 - (-48)/10. Let k(l) = -9*l + 29. Give k(s).
-7
Let f(x) = 3*x**3 + 4*x + 11 - 3 - 5*x + x**2 - 10. Suppose 0 = 4*v - 0*v, 0 = y + v - 12. Suppose -y = 4*g + 2*g. Calculate f(g).
-20
Suppose 5*l = 3*h + 6, 5*l - 4*h - 10 = h. Let u(k) be the third derivative of -k**5/60 + k**3/2 + 2*k**2 + 71*k - 3. What is u(l)?
3
Suppose 4*c + 45 = 69. Let x = c - -8. Suppose -3*z - 10 = x. Let p(s) = s**3 + 9*s**2 + 7*s - 9. Determine p(z).
-1
Let l be -6 + 2*1/2. Let o(z) = z**3 + 4*z**2. Let t(i) = 2*i**3 + 7*i**2 + i - 2. Let j(u) = l*o(u) + 2*t(u). What is j(-5)?
-39
Suppose 2*n = r - 13, 2*r + 18 = -5*n - 1. Let a(l) = -112868*l**2 - 6*l - r*l + 112867*l**2. Calculate a(-7).
14
Let m be 1*4 - (-6 - -6). Suppose -m + 16 = 2*r. Suppose -r*k - k = -42. Let p(x) = -2*x + 5. What is p(k)?
-7
Let s(c) be the third derivative of c**6/120 - 11*c**5/60 - c**4/24 + 5*c**3/3 + c**2. Let q(o) = 43*o**2 + 5334*o + 259. Let t be q(-124). Calculate s(t).
-1
Let p(a) be the third derivative of a**5/60 - 13*a**4/24 + 3*a**3/2 + 5*a**2. Let l = -26829 - -26839. What is p(l)?
-21
Let u(p) = 6*p + 1. Suppose -s - 1008 = -1009. Determine u(s).
7
Let c(z) = -z**3 + 7*z**2 - 2*z + 3. Let h(j) = j**2 + 94*j - 387. Let s be h(4). Calculate c(s).
43
Let i(g) be the third derivative of -g**5/60 + 2*g**4/3 - 23*g**3/6 + 125*g**2. Determine i(14).
5
Let r(o) be the third derivative of -o**6/120 - o**5/20 + o**4/12 - o**3/3 + 125*o**2. Suppose 0 = -14*b + 11*b - 12. Let z be (3/(-1))/(-3 - b). What is r(z)?
-8
Let k(f) = -6*f**2 + 8*f - 1. Let r(i) = 35*i**2 - 49*i + 4. Let x(c) = -6*k(c) - r(c). Let y = -1 - 3. What is x(y)?
14
Let j(q) = -q**3 - 3. Suppose 2*h = -h. Let v be j(h). Let a(y) = 4*y. Give a(v).
-12
Let p = 0 - 0. Suppose -4*g - 4 - 12 = p. Let q(f) = -6 + 792*f - 2388*f + 793*f + 802*f. Calculate q(g).
-2
Let f(g) = -g + 2. Let i be (10 + -5)/(1*(-1)/3). Let q be (-38)/i*-6*(-10)/4. Let s = 43 - q. Calculate f(s).
-3
Let t = -8 + -1. Let s(k) = k + 5. Let l be s(t). Let p(y) = -3 - 584*y + 0 + 582*y. Calculate p(l).
5
Let z(x) = -2284160*x - 27 + x**2 + 2284160*x. Determine z(7).
22
Let r be ((-18)/135)/(2/20)*-3. Let z(g) = -2 + 1 + 3*g + r - 4. What is z(2)?
5
Let m(i) be the first derivative of -i**5/60 - 7*i**4/12 + 7*i**3/2 - 14*i**2 + 4. Let k(x) be the second derivative of m(x). What is k(-15)?
6
Let h(q) = -2*q - 2 - q**2 + 10 - 3 - 2. Let f be h(-3). Let v(l) be the second derivative of l**4/12 - l**3/6 - l**2/2 - 10*l + 11. Determine v(f).
-1
Let m(p) = 33*p - 166. Let z be m(-12). Let t = z + 557. Let n(d) = d**2 + 3*d + 1. Calculate n(t).
11
Suppose -22 = g - 2*g - 4*v, g - 4*v + 18 = 0. Let b(s) = -230*s + g + 231*s + 1 - 2. What is b(4)?
5
Let x(v) = -v - 18. Let p(t) = 8*t**2 + 28*t + 73. Let a be p(-6). Suppose -36*m - a = 491. Determine x(m).
1
Let g = -11 + 17. Suppose 14 = 4*x - 2*j, -2*j - g = x - 3*x. Let w(u) = x*u - 8*u - 6*u + 2 + u**2. Calculate w(8).
-14
Let x(p) = p**3 - 4*p**2 - 6*p + 12. Let u be x(2). Let r(v) = -v**3 - 8*v**2 - 7. Determine r(u).
-7
Let b(s) = -s**2 - s + 4. Let m be (-16)/24*174/(-4). Suppose -h - n = -4*n - 12, -3*h = -2*n - m. Suppose -h*a - 20 = -4*a. Determine b(a).
-8
Suppose -3*y + 18*g = 16*g + 9, 5*y + 34 = -3*g. Let z(o) = o**2 + 17*o + 59. Let w be z(y). Let u(i) = 0*i**3 + 2*i + i**3 + 6*i**3 + 2*i**2 + 1. What is u(w)?
-6
Let x(s) = -8*s + 2*s**2 - 1 - 7 + 5 - 6. Let d be x(-4). Let g be (9/5)/(11/d). Let u(z) = z**3 - 8*z**2 - 10*z + 7. What is u(g)?
-2
Let c(a) = -11*a - 30. Let w be c(6). Let k be 464/w + (-3 - 51/(-18)). Let p(j) = -2*j - 3. Calculate p(k).
7
Let m(i) be the first derivative of -i**3/3 - 19*i**2/2 - 27*i - 88. Determine m(-17).
7
Let l(x) be the third derivative of x**5/60 - 5*x**4/8 - 113*x**3/6 - 9052*x**2. Calculate l(-6).
13
Let z(x) be the second derivative of x**3/2 - 2*x**2 + 83937*x. Let p be (4 + -24)*(-1)/(-2). Determine z(p).
-34
Suppose 2*z = 3*f + 6, 0 = -3*f + 2*f - 4*z + 12. Suppose 1417 + 122 = 19*v. Suppose -9*j = -f*j - v. Let b(l) = -2*l + 2. Calculate b(j).
-16
Let a be ((-36)/(-10) - 4)/((-3)/1125). Let q be (-4)/30 - 16630/a. Let c = -117 - q. Let m(h) = h**2 + 7*h. Give m(c).
-6
Suppose -2*i + 16 - 8 = 0, -4*x - 4*i + 16 = 0. Let q(s) be the third derivative of x*s + 0 + 1/30*s**5 + 1/6*s**4 + 0*s**3 + 18*s**2. What is q(-3)?
6
Suppose -12*o - 31 = -2*u - 7*o, u + 22 = -5*o. Let s(g) be the first derivative of g**4/4 - 2*g**3/3 - 5*g**2/2 - 2. Give s(u).
-6
Let d(f) be the first derivative of -8*f + 9/2*f**2 - 1/3*f**3 + 106. Calculate d(10).
-18
Let t(s) = -124*s**3 + 159*s**2 - 15*s + 5. Let b(j) = 25*j**